s of y.
13
Suppose 3*w - 4 = 5*t, 4 = -w - 0*t - t. Let r be (-9)/(w/(4/3)). Suppose -20 = -r*h + h. List the prime factors of h.
2
Suppose 0 = -4*a - w + 24, -w = a - 7 + 1. Let n(b) = -b**3 + 7*b**2 - 4*b - 7. What are the prime factors of n(a)?
5
Suppose 0 = 3*j + t - 0*t - 97, 2*j = 5*t + 42. List the prime factors of j.
31
Suppose 13*a - 144 = 7*a. What are the prime factors of a?
2, 3
Suppose -7*m - 11 = -3*d - 2*m, 0 = 2*m + 2. List the prime factors of d - 1 - (-30)/1.
31
Suppose -5*z = -7 - 3. Suppose 0 = 3*u - 2*v - 8, 28 = 5*u - z*v + 8. What are the prime factors of u?
2, 3
List the prime factors of ((1701/6)/(-7) + -2)*-4.
2, 5, 17
Let p = 103 + -84. List the prime factors of p.
19
Let s(g) = -52*g - 45. What are the prime factors of s(-6)?
3, 89
Suppose -u = 3*u + 2*g - 106, 2*u - 3*g - 33 = 0. List the prime factors of u.
2, 3
Let j be ((-4)/(-5))/((-1)/10). Let k(q) = q**3 + 9*q**2 - 1 - 3 - 4 + 5*q. What are the prime factors of k(j)?
2
Suppose 32*v - 90 = 31*v. List the prime factors of v.
2, 3, 5
Suppose 0 = -x - 5*f + 21, -x - f = 2*x + 7. Let u be 1 - (-2)/x*10. Let n = 1 - u. List the prime factors of n.
5
Let o(v) = 3*v**2 + 6*v + 13. What are the prime factors of o(-6)?
5, 17
Let r = -10 + 14. Suppose 2 = k, -50 = r*f - 8*f - 3*k. What are the prime factors of f?
11
Suppose -p = -0*p + 4. Let w = 18 + p. List the prime factors of w.
2, 7
Suppose -2*g + o = -0*g - 227, 5*g = -3*o + 562. Suppose 0 = -4*p - 3*r - 97, -5*p - g = 3*r - 2*r. What are the prime factors of 2 + p*2/(-4)?
13
Let v = -116 - -178. What are the prime factors of v?
2, 31
Let h = 13 - 9. Suppose 0 = -4*c - h, c - 4*c = 4*r - 109. List the prime factors of r.
2, 7
Let p(r) = -r**2 + 1. Let w be p(-1). Suppose -4*j - 3*x + 116 = 0, 0 = 4*j - w*x + x - 124. What are the prime factors of j?
2
Let b(f) = 6*f + 5. Let n be b(6). Let c = -14 + n. List the prime factors of c.
3
Let f(w) = w**2 - 8*w - 4. List the prime factors of f(-2).
2
Let o = 80 + 78. List the prime factors of o.
2, 79
Let b(s) be the third derivative of s**6/360 - s**5/120 + 7*s**4/12 + s**3/6 + 2*s**2. Let t(p) be the first derivative of b(p). List the prime factors of t(0).
2, 7
Let l = 3 - 0. Let h be 27/(-6)*(-2)/l. Suppose -5*d = -h*v - 0*d + 9, -5*d = 2*v - 6. What are the prime factors of v?
3
Suppose 0 = -5*y + 4*m + 38 + 85, 3*y + 4*m = 61. List the prime factors of y.
23
Let k = 304 + -151. What are the prime factors of k?
3, 17
Suppose 13 = 3*q - 5. List the prime factors of q.
2, 3
Let o(b) = 2*b + 16. Let n be o(-11). What are the prime factors of (-2)/(-6)*(n + 30)?
2
Suppose 5*f + 13 = -12, -4*t - 2*f = -2. List the prime factors of t.
3
Suppose 4*v - 6 = 6. Let h be ((-2)/v)/(2/(-9)). List the prime factors of (h - (0 + 0)) + 12.
3, 5
Suppose 5*i - 55 + 10 = 0. Suppose 2*u - 42 = -4*w, -i = -u + 5*w - 2. What are the prime factors of u?
17
Let w(o) = o**3 + 3*o**2 + o - 1. Let f be w(-2). Suppose f = -h + 3. List the prime factors of h.
2
Let l be 0 + (29 - (-2 + 1)). Suppose 2 = -s - 0. List the prime factors of ((-2)/6)/(s/l).
5
Suppose g - 1 - 2 = 0. Let t be (-1)/(-2) + g/2. List the prime factors of (-1)/((t - 3)/7).
7
Suppose 5*h + 0 - 5 = 0. Suppose 0 = 3*o - x - 102, o = -3*x + h + 33. Let l = 47 - o. List the prime factors of l.
13
Suppose 0*l - 2*l + 88 = 0. What are the prime factors of (1/(-2))/((-2)/l)?
11
Let p(f) = -2 - 3*f + 2 - f**3 - 3 + 6*f**2. Let u be p(5). List the prime factors of 1/(1/u + 0).
7
Suppose 0 = g - 5*g + 8. Suppose g*x + 2*x = 8. What are the prime factors of x?
2
List the prime factors of (-8 - (2 - 6)) + 156.
2, 19
Let l(p) = -2*p**2 - 14*p + 5. Let w(g) = -g**2 - 7*g + 3. Let t(y) = 4*l(y) - 9*w(y). What are the prime factors of t(-11)?
37
Let j = -33 + 38. What are the prime factors of j?
5
Suppose -5*u - 3 - 2 = 0. Let a be (-5)/(-10)*10/u. Let k(g) = -2*g - 5. What are the prime factors of k(a)?
5
Let h = -10 - -14. Let d = h + 35. List the prime factors of d.
3, 13
Let k(u) be the third derivative of u**7/1260 - u**6/240 + u**5/30 - u**4/6 + 2*u**2. Let a(m) be the second derivative of k(m). List the prime factors of a(3).
13
Let j(k) = -7*k**2 + 6*k - 1. Let o(d) = -20*d**2 + 17*d - 3. Let l(i) = 17*j(i) - 6*o(i). What are the prime factors of l(2)?
5
Suppose -201 + 606 = 5*l. What are the prime factors of l?
3
Let u = -25 + 36. What are the prime factors of u?
11
Let j be 4 - (2/(-2) - -1). Suppose 3 = 2*g + 3*a, 4*g + 5*a - j = 3. Suppose 0*p = 5*p - 4*v - 43, -g*p + 5*v + 31 = 0. List the prime factors of p.
7
Let k(c) = -2*c + 71. List the prime factors of k(0).
71
Let f be 86/(-6) - 2/(-6). Let i = 26 + f. Suppose -b = b - i. What are the prime factors of b?
2, 3
Let n(t) = -t**2 - 21*t - 1. What are the prime factors of n(-15)?
89
Let i be (-65)/(-2) + (-4)/(-8). Suppose -i - 27 = -4*t. List the prime factors of t.
3, 5
List the prime factors of 2/(-14) + (-927)/(-21).
2, 11
Suppose -s - 18 = -4*f, s + 1 = f - 5. Suppose -4*w - 7 = -3, -2*w + 30 = f*k. Suppose -2*j + 40 = 4*g, -2*g + 0*j = 4*j - k. What are the prime factors of g?
2, 3
Suppose -5*s + 0*a - 3*a = -768, s + a = 152. What are the prime factors of s?
2, 3, 13
Let i = 211 - 141. Suppose -3*m - 20 = -3*g + 2*m, 5*g - m = i. List the prime factors of g.
3, 5
Let g(k) be the first derivative of 1/2*k**2 + 2 + 19*k. What are the prime factors of g(-8)?
11
What are the prime factors of (17 - 15)/(2/63)?
3, 7
Let m be (2/4 + 0)*-14. Let f be (0 - -1) + (-7)/m. Suppose 3*q - 16 = -3*a + 11, -f*q + 16 = 4*a. What are the prime factors of q?
2, 5
Suppose 2*q - 8 = -2*q. Suppose 4*j + 5*u = 80, 3*j + 0*j + q*u - 53 = 0. List the prime factors of j.
3, 5
Let j(i) = 3*i + 8. What are the prime factors of j(16)?
2, 7
Let a(q) = 2*q**2 + 2*q + 21. List the prime factors of a(7).
7, 19
Let b = 17 + -1. What are the prime factors of (-26)/(-4) - (-8)/b?
7
Let i(r) = r**2 + 5*r - 10. Let y be i(-7). Suppose 0 = y*u + u - 30. Let h = 17 - u. List the prime factors of h.
11
Let m = -110 - -444. List the prime factors of m.
2, 167
Suppose 43 + 37 = -4*a. Suppose -4*x + 28 = -r, 3*r - 6*x + 3*x + 39 = 0. Let h = r - a. What are the prime factors of h?
2, 3
Suppose 0 = 3*i + 12, -4*i + 5 = 4*u - 27. List the prime factors of u.
2, 3
Suppose 2*c = 62 + 58. What are the prime factors of c?
2, 3, 5
Suppose 9*z = 4*z - 70. Let o = z + 27. What are the prime factors of o?
13
Suppose -2*q + 0*q = -4. Let y(a) = 0*a - 3 + 6*a**2 + q*a + a**3 + 0. List the prime factors of y(-5).
2, 3
Suppose 3*l + 52 = -2*o + 3*o, -4*o + 2*l = -188. Let m = o - 16. List the prime factors of m.
2, 3, 5
Let o(v) = v**3 - 3*v**2 - 3. Let u be o(4). Suppose 0 = 4*k + u + 27. Let q(b) = -b - 5. What are the prime factors of q(k)?
5
What are the prime factors of (-2 + 3 + 0)*308/11?
2, 7
Suppose 4*h = -4*t + 64, 0*t = -5*h + t + 104. Suppose -4*g = -8*g + h. List the prime factors of g.
5
Let k(o) = o - 19. Let v be k(13). Let s(a) = a**3 - 4*a**2 + 3*a. Let i be s(2). What are the prime factors of (-3 + 1)*(v - i)?
2
Suppose i = 9*i - 920. List the prime factors of i.
5, 23
Let v = 143 - 101. What are the prime factors of v?
2, 3, 7
Let s = -9 - -9. Suppose s*b - 144 = -3*b. What are the prime factors of b?
2, 3
Let x(n) = 22*n**2 - 7*n - 9. What are the prime factors of x(-2)?
3, 31
Let d(v) = 7*v - 4. Let r be d(5). Let s = 0 + r. Let y = s - 17. List the prime factors of y.
2, 7
Suppose -a = 5*k + 8 - 153, 165 = 5*k - 3*a. Suppose -5*h - k = -4*w + 5, 5*w - 55 = -5*h. What are the prime factors of w?
2, 5
Suppose -f = f - 14. List the prime factors of f.
7
Let a(r) = -2*r + 5. Let l = -10 + 3. List the prime factors of a(l).
19
What are the prime factors of (-43)/(-4 + 3)*1?
43
Let h be (-5)/(-7) + (-4)/(-14). Suppose -h = 3*i - 19. List the prime factors of (-3)/(-2) + 33/i.
7
Let s(g) = 30*g - 5. What are the prime factors of s(6)?
5, 7
Suppose s + 2*d = -2*d + 28, -2*d + 42 = 4*s. Suppose 0 = 3*l + l - 4*v - 64, -5*v - s = l. Let u = 23 - l. List the prime factors of u.
11
Let f = 2 - -47. What are the prime factors of f?
7
Let n(y) = -y. Let z be n(-7). Suppose -2*b = o - 9, -z*b + 13 = -3*b + o. What are the prime factors of b?
2
Let x(b) = -4*b - 5. What are the prime factors of x(-6)?
19
Let b be